 2) to base 16
e7
What is 14470 (base 12) in base 7?
145350
What is -1110312 (base 5) in base 4?
-10300001
What is -1031 (base 9) in base 12?
-531
What is 1551 (base 11) in base 5?
30432
-1000120021 (base 3) to base 10
-20095
Convert 10321 (base 5) to base 4.
23013
Convert 3c35 (base 14) to base 10.
10631
Convert -426 (base 11) to base 14.
-288
Convert 20211010 (base 3) to base 13.
2355
Convert -33131113 (base 4) to base 5.
-4011234
-34 (base 9) to base 14
-23
What is 100112 (base 4) in base 7?
3023
2830 (base 11) to base 8
7117
2230 (base 4) to base 3
20101
-66421 (base 8) to base 4
-12310101
Convert 44 (base 6) to base 13.
22
-3532 (base 7) to base 6
-10001
Convert 1001001111100 (base 2) to base 7.
16540
What is 1010011 (base 3) in base 9?
1104
200202 (base 3) to base 5
4011
Convert -55c (base 13) to base 5.
-12142
-11a39 (base 11) to base 7
-101134
9661 (base 14) to base 4
12111211
200220 (base 3) to base 9
626
What is 3195 (base 11) in base 5?
113333
-110010100101100 (base 2) to base 3
-1022112021
What is -16a (base 13) in base 8?
-401
-21b (base 12) to base 15
-15b
155335 (base 7) to base 5
1440300
Convert 1011111111100 (base 2) to base 8.
13774
-189a (base 11) to base 12
-1488
Convert -112000 (base 3) to base 8.
-572
What is -20455 (base 7) in base 5?
-130123
-1877 (base 11) to base 3
-10021021
Convert 1123545 (base 6) to base 13.
20465
Convert -10110122 (base 3) to base 12.
-1568
5b3 (base 14) to base 16
471
-17a2 (base 15) to base 7
-20606
13e2f (base 16) to base 14
21983
What is -11111 (base 2) in base 5?
-111
-122112 (base 3) to base 16
-1d9
-1011101111 (base 2) to base 7
-2122
What is -110101 (base 5) in base 13?
-1946
Convert 7e3a (base 16) to base 4.
13320322
Convert -504 (base 8) to base 2.
-101000100
What is 20022 (base 8) in base 7?
32636
What is -4a0 (base 11) in base 2?
-1001010010
295 (base 12) to base 14
209
Convert 6b (base 16) to base 2.
1101011
Convert 38ca (base 15) to base 8.
27523
Convert c794 (base 16) to base 6.
1032312
110 (base 2) to base 5
11
What is 26216 (base 8) in base 3?
120122110
What is -120321 (base 6) in base 4?
-2203321
What is 5488 (base 12) in base 6?
111052
Convert -10010000111001 (base 2) to base 10.
-9273
Convert 11110 (base 3) to base 4.
1320
97cb (base 14) to base 7
136344
Convert -154255 (base 6) to base 5.
-441402
What is -222032 (base 6) in base 2?
-100100010100100
What is 351 (base 11) in base 9?
515
Convert -130 (base 11) to base 4.
-2122
-1110011010101000 (base 2) to base 7
-334103
What is -614 (base 8) in base 3?
-112200
Convert -2013 (base 9) to base 11.
-1117
What is -23110 (base 6) in base 8?
-6322
Convert 1110100010000 (base 2) to base 14.
29d6
304202 (base 5) to base 12
58b3
37a (base 15) to base 4
30112
Convert -1141 (base 6) to base 7.
-544
-2443 (base 8) to base 2
-10100100011
What is -1366 (base 9) in base 12?
-720
What is -2158 (base 12) in base 7?
-13460
Convert -270 (base 9) to base 11.
-195
Convert -2523 (base 9) to base 3.
-2120210
What is 1407 (base 14) in base 12?
2067
22303 (base 5) to base 13
945
What is -3544 (base 6) in base 11?
-709
-110023 (base 5) to base 12
-2217
-111110 (base 2) to base 7
-116
616 (base 8) to base 4
12032
What is -666 (base 7) in base 15?
-17c
What is -1313211 (base 4) in base 10?
-7653
Convert 100010101000101 (base 2) to base 13.
80c1
Convert 1411 (base 8) to base 10.
777
132223 (base 4) to base 6
13031
What is 6709 (base 12) in base 4?
2301321
-115330 (base 6) to base 2
-10100000100110
Convert 100101010 (base 2) to base 5.
2143
Convert 108 (base 12) to base 7.
305
4612 (base 7) to base 14
879
Convert 62a6 (base 12) to base 11.
8112
3763 (base 12) to base 7
24162
Convert -1cc (base 13) to base 15.
-177
Convert 113244 (base 6) to base 3.
111110201
Convert -111101000001 (base 2) to base 14.
-15cd
Convert 110120 (base 3) to base 8.
523
What is -1211110 (base 4) in base 7?
-24622
What is -21145 (base 6) in base 15?
-cb8
What is -44010 (base 5) in base 15?
-d55
What is -11103021 (base 4) in base 13?
-9b58
153 (base 16) to base 3
110120
Convert -656 (base 10) to base 11.
-547
Convert 724 (base 9) to base 5.
4324
-d85d (base 14) to base 4
-21013023
What is 1000010 (base 2) in base 9?
73
985 (base 13) to base 10
1630
Convert 20100 (base 3) to base 6.
443
-251513 (base 7) to base 14
-12bb3
2020013 (base 4) to base 2
10001000000111
What is -962 (base 16) in base 9?
-3258
What is -45126 (base 7) in base 6?
-124420
Convert 664 (base 7) to base 11.
28a
What is 33031 (base 4) in base 12?
691
What is -13513 (base 6) in base 14?
-ac5
-10010011101111101 (base 2) to base 8
-223575
-11301133 (base 4) to base 9
-35384
Convert -133245 (base 6) to base 3.
-122000202
What is -506 (base 16) in base 8?
-2406
Convert -3bc0 (base 15) to base 10.
-12780
134111 (base 5) to base 11
4179
-22100020 (base 3) to base 6
-44053
-12323 (base 4) to base 3
-121102
What is -2032000 (base 4) in base 2?
-10001110000000
Convert -3111120 (base 4) to base 10.
-13656
What is 102 (base 9) in base 6?
215
Convert -101100 (base 2) to base 10.
-44
-1c19 (base 15) to base 6
-44123
Convert 32a (base 12) to base 14.
254
Convert -11100001110100 (base 2) to base 8.
-34164
What is 92 (base 12) in base 10?
110
Convert 1105 (base 11) to base 10.
1457
-1ec (base 15) to base 9
-546
Convert -146162 (base 7) to base 10.
-28562
What is -36cf (base 16) in base 5?
-422111
What is 444555 (base 7) in base 16?
13299
What is -11111010000101 (base 2) in base 5?
-1003010
-97a (base 12) to base 2
-10101101110
What is -11a7 (base 12) in base 14?
-a2b
-3238 (base 9) to base 6
-15012
Convert 35 (base 12) to base 8.
51
3db (base 14) to base 10
781
Convert 1c8 (base 15) to base 10.
413
What is 12212 (base 3) in base 9?
185
What is -a7a (base 15) in base 7?
-6616
Convert 1573 (base 10) to base 4.
120211
What is -2016 (base 7) in base 5?
-10244
What is -4340 (base 5) in base 16?
-253
Convert 19c (base 14) to base 3.
110101
211 (base 4) to base 12
31
What is 2081 (base 15) in base 7?
26014
1000111110011010 (base 2) to base 3
1212102120
What is -626 (base 8) in base 11?
-33a
Convert -104 (base 11) to base 16.
-7d
What is 111210022 (base 3) in base 15?
2ea2
What is 11101001110 (base 2) in base 12?
10ba
What is -55a2 (base 11) in base 14?
-2988
Convert 1212111 (base 5) to base 15.
6b3b
Convert -11010112 (base 3) to base 14.
-1151
Convert -5243 (base 11) to base 15.
-20ce
17448 (base 13) to base 3
2021021200
-137 (base 15) to base 5
-2102
-4051 (base 11) to base 16
-1504
Convert 1b5 (base 15) to base 5.
3040
-55123 (base 10) to base 8
-153523
Convert 48981 (base 10) to base 6.
1014433
-12233 (base 4) to base 15
-1db
-12110003 (base 4) to base 9
-38422
-2300 (base 5) to base 15
-16a
Convert 6213 (base 11) to base 8.
20062
What is 22012 (base 4) in base 15?
2d1
-6345 (base 8) to base 5
-101201
-2626 (base 9) to base 12
-1180
-1222031 (base 4) to base 10
-6797
What is -1543 (base 12) in base 11?
-1972
What is -3bb (base 14) in base 10?
-753
Convert -22792 (base 10) to base 3.
-1011021011
What is 103500 (base 7) in base 2?
100011010100001
What is 567 (base 12) in base 2?
1100011111
-20223 (base 9) to base 16
-33f9
Convert 131203 (base 4) to base 9.
2531
What is bb (base 15) in base 7?
341
What is 55d (base 16) in base 14?
701
10210202 (base 3) to base 16
ad6
What is -211211 (base 3) in base 11?
-510
Convert 1000000100 (base 2) to base 13.
309
314 (base 7) to base 4
2132
13221 (base 10) to base 9
20120
-431 (base 11) to base 7
-1340
-4ab (base 13) to base 9
-1107
4c1 (base 14) to base 16
3b9
22137 (base 9) to base 5
432240
Convert -4753 (base 10) to base 2.
-1001010010001
Convert 1020 (base 6) to base 11.
198
What is 1022220 (base 3) in base 2?
1111001001
-121002010 (base 3) to base 11
-8896
Convert -4313 (base 9) to base 10.
-3171
What is 42424 (base 5) in base 2?
101100110000
What is -139 (base 14) in base 4?
-3313
21030 (base 5) to base 13
82c
What is 573b (base 14) in base 5?
441040
What is -2110212122 (base 3) in base 16?
-be70
-21132 (base 8) to base 14
-32c2
Convert 173 (base 14) to base 2.
100101001
What is 1053 (base 11) in base 9?
1813
Convert 211010 (base 4) to base 15.
a82
What is 2630 (base 12) in base 6?
32100
What is -63 (base 14) in base 16?
-57
Convert 5110 (base 7) to base 2.
11011101011
Convert 20021 (base 4) to